 prime factors of r.
3, 5
What are the prime factors of (-563)/(-9) - (-16)/36?
3, 7
Suppose -6*s = -23*s + 4964. List the prime factors of s.
2, 73
Let u(c) = c**2 - c + 1. Let p be (7 + (-3)/1)*1. Let t be u(p). Let n = t + -1. What are the prime factors of n?
2, 3
Suppose 6*x - 235 = 959. What are the prime factors of x?
199
Let k(r) = r**3 - 5*r**2 - 4*r - 8. Suppose 0*w + w = -1. Let v = 7 + w. List the prime factors of k(v).
2
Let h(o) = -o + 7. Let y be h(5). Let f be (-4)/10 + 27/5. Let m = f - y. List the prime factors of m.
3
Let h(k) = 8*k**2 + 1. Let s be 3 - -10*2/4. Suppose 2*c = -2*j - s, -16 = 2*c - c + 5*j. List the prime factors of h(c).
3
Suppose -5*j - 4*l = -104, 2*j - l - 56 = l. Suppose 0*z + 13 = z + 5*b, b + 10 = 4*z. Suppose w - j = -z*w. What are the prime factors of w?
2, 3
Let h = -2 - 0. Let a be h/(-5) - 27/5. List the prime factors of (-10)/3*12/a.
2
Let h(u) = u**2 + 4. Let k be h(0). Suppose k*j = -60 - 20. What are the prime factors of j/2*(-7 - -6)?
2, 5
Let z = 9 - 1. List the prime factors of z.
2
Let a(o) = -o**2 + 14*o + 9. What are the prime factors of a(10)?
7
Suppose 2 = -3*y - 34. Let b be y/1 - (2 - 2). List the prime factors of b*2/(-3)*1.
2
List the prime factors of 3 + (-4)/8*-58.
2
Let q be (6/1)/((-6)/(-8)). Let z = q + -5. Suppose 2*n - z = 15. List the prime factors of n.
3
Let q be (12/(-8))/(1/(-14)). Let d = 35 - q. Let i = 26 - d. List the prime factors of i.
2, 3
Suppose -i = -q - 8, -i + 4*q - 31 = -6*i. Suppose -7 = -l + j, 2*j + 0 - 11 = -3*l. Suppose 48 = l*p - i. List the prime factors of p.
11
Suppose -18 - 38 = -4*h. What are the prime factors of h?
2, 7
Let d(z) = z**3 + z - 1. Let a be d(0). Let l = a - 2. Let k(m) = -m**3 - 2*m**2 - 4. What are the prime factors of k(l)?
5
Let b(g) = -g**3 - 2*g**2 - 4*g. Let k = -8 - -5. Let i be b(k). Let t = i + -6. List the prime factors of t.
3, 5
Let p = 1 + 0. What are the prime factors of 9/(2 + p/(-2))?
2, 3
Let k = -103 - -150. What are the prime factors of k?
47
Suppose -3*q - 66 = -6*i + i, 6 = -3*q. What are the prime factors of -1*(-5)/(15/i)?
2
Let i(t) = -t + 10. Let q be i(-9). Suppose 4*w - 4*d - 22 = -2, 5*d = 4*w - q. What are the prime factors of 3/w*2 + 1?
2
Let t = 253 + -145. What are the prime factors of t?
2, 3
Suppose -3*n - 2*k = -30 - 65, 5*k = 3*n - 67. What are the prime factors of n?
29
Suppose -3*i - 3*a + 87 = 0, 113 = -i + 5*i + 3*a. What are the prime factors of i?
2, 13
Suppose 0 = 4*i, -4*i = 5*a - i - 210. What are the prime factors of a?
2, 3, 7
Let s(a) = a + 3*a + a**2 - 3*a. Suppose -2*b = 5*i - 1 - 15, 2*i - 19 = -5*b. List the prime factors of s(b).
2, 3
Suppose -2*t + 1 = -3. What are the prime factors of 1/(t + (-99)/51)?
17
Suppose 0 = -3*z - 0*z + 15. Suppose 25 = z*y, 4*q - 14 - 3 = -y. List the prime factors of q.
3
Let f(v) = v**3 - 5*v**2 - 7*v + 9. Let i be f(6). Suppose -5*c + 5 = -i*z + 31, 4*c = z - 25. Let o = -2 - c. What are the prime factors of o?
5
Suppose -3*b + 4 = -b. List the prime factors of (-17 - 1)/((-2)/b).
2, 3
Let a be (-5)/(15/9) + 0. Let s(g) = 2*g**2 - 3. List the prime factors of s(a).
3, 5
Suppose 0*i + 2*i = -62. Let f = -11 - i. What are the prime factors of f?
2, 5
Let g be (-3)/4*(-1 + -3). Suppose -10*m = -7*m - 6. Suppose g*j - 11 = -4*w, m*j = -j + w + 31. List the prime factors of j.
3
Let n(i) = -i**3 - 9*i**2 + i + 8. Let f be n(-9). Let p be (-2)/f - (-5 - 0). List the prime factors of p - ((-1 - -3) + -4).
3
Let j = 1 + -5. What are the prime factors of (-2)/(-6)*0 - j?
2
Suppose 7*r = -4*r + 396. What are the prime factors of r?
2, 3
Suppose -a - 36 = -5*a. Suppose -l + 10 = -a. List the prime factors of l.
19
What are the prime factors of (-7212)/(-22) - (-24)/132?
2, 41
Let r = 53 + 12. Suppose 5*v - 5*j - r = 0, 0 = -v - 0*j + 5*j - 3. What are the prime factors of v?
17
Let r(y) = -18*y + 14. Let q(h) = -12*h + 9. Let p(x) = -8*q(x) + 5*r(x). What are the prime factors of p(2)?
2, 5
Suppose 115 = o - 16. List the prime factors of o.
131
List the prime factors of (1520/12)/(-5)*(-18)/12.
2, 19
Suppose 3*z - 25 = -4. Let o = z - -7. Suppose -o + 34 = 5*x. What are the prime factors of x?
2
Suppose 5*m = 8*m - v - 442, 5*m - 730 = 5*v. List the prime factors of m.
2, 37
Let t = -50 + 76. Suppose -r + t = r. What are the prime factors of r?
13
Suppose 0 = -3*j - j - 60. Let v = -21 - j. Let s(a) = -a**2 - 8*a - 8. List the prime factors of s(v).
2
Suppose 0 = 2*d + 4*a + 14, 4*d - d - 5*a = 23. Let g be 2 - 0/2 - -4. Suppose p - g = -d. What are the prime factors of p?
5
Let m = -50 + 52. What are the prime factors of m?
2
Let i(w) = w**2 - 6*w + 5. Suppose -2*j - 4 = -14. Let y be i(j). Suppose 0 = 3*n - y*n - 57. What are the prime factors of n?
19
Suppose -20*s + 17*s = 42. Let q(t) = -t - 6. What are the prime factors of q(s)?
2
Let m(y) = 2*y**2 + 4*y + 7. Suppose 0 = -3*s - 7 - 2, -5*h - s - 23 = 0. List the prime factors of m(h).
23
List the prime factors of ((-45)/12)/(0 - 3/8).
2, 5
Suppose -5*f - 29 = -4*f. Let h = f + 55. List the prime factors of h.
2, 13
Suppose a = 2*a, h - 5*a = 62. List the prime factors of h.
2, 31
Let a be (-2)/(-2)*(3 + -4). Let x = a + 4. Suppose -o + 15 = l + 1, -o - 30 = -x*l. List the prime factors of l.
11
Suppose -6*u = -3*u. Let f(b) = -b**3 - b + 26. List the prime factors of f(u).
2, 13
Suppose 33 = 5*i + a - 55, -4*i - 2*a = -68. Suppose -5*f - i = z, -40 = 2*z + 4*f - 4. Let p = z - -28. What are the prime factors of p?
2, 5
Let l be 1/2 - (-334)/4. Suppose -q + l = 3*q. What are the prime factors of q?
3, 7
Let p = -69 - -129. List the prime factors of p.
2, 3, 5
Suppose -2*r + 54 + 102 = 0. What are the prime factors of r?
2, 3, 13
Let k = 76 - -8. What are the prime factors of k?
2, 3, 7
Let b(i) = 1 - 1 + i + 8. What are the prime factors of b(-4)?
2
Let l = 154 + -82. List the prime factors of (3/(-6))/((-2)/l).
2, 3
Let o be 2*((-43)/2 - -2). Let l = 56 + o. List the prime factors of l.
17
Let n = -9 + 17. Suppose n = 3*v - 4*g, 0 = -v + 3*g + 6. What are the prime factors of (v + -21)/((-12)/8)?
2, 7
Suppose -4*o - o + 10 = 0. What are the prime factors of o?
2
Suppose 0 = -5*v - 5*s + 15, 3*v - s - 16 = -7. Let h = v - 1. List the prime factors of h - -3*4/3.
2, 3
Suppose 8 = 3*l + 2. Suppose 2*x - 31 = -2*w + 7, l*x - 42 = -3*w. Let y = x + -6. List the prime factors of y.
3
What are the prime factors of (1878/(-24))/(3/(-12))?
313
Suppose 4*k = -4*f + 12, 0*k - f = 3*k - 3. Suppose k = i + i - 20. List the prime factors of i.
2, 5
Let r(g) = -5*g + 6. Let v be r(4). Let t = v + 31. What are the prime factors of t?
17
Let u be (0 + 0)*4/(-8). Suppose u*a = a - 34. What are the prime factors of a?
2, 17
Let z(y) = 2*y**2 - 11*y + 1. List the prime factors of z(8).
41
Let u = -88 - -466. What are the prime factors of u?
2, 3, 7
Suppose 0 = u + u + 8, -u = -5*l - 21. Let i(h) = h**2 - h - 6. List the prime factors of i(l).
2, 3
Let o(h) = -9*h + 359. What are the prime factors of o(0)?
359
Suppose -10*k + 5*k + 25 = 0. Suppose -k*z = -2*b + 22, -2*b + 74 = 2*b + 5*z. What are the prime factors of b?
2
Let c = -86 + 166. What are the prime factors of c?
2, 5
Let z = 75 + -45. What are the prime factors of z?
2, 3, 5
Let v = 0 + -3. Let c = 0 - v. What are the prime factors of c?
3
Let j(m) = m**3 + 11*m**2 - 4. Let d be j(-11). List the prime factors of (-81)/(-15) + d/10.
5
Let x(c) = -103*c. Let u be x(-1). Suppose m = -2*m + 2*i + 106, -5*i + u = 4*m. What are the prime factors of m?
2
Let g be 4/2 - 2/(-1). Let s be (-1)/g - (-679)/28. Suppose -s = -3*x + x. List the prime factors of x.
2, 3
Let k be (2 - -135*1)*1. Suppose -5*a = -33 - k. List the prime factors of a.
2, 17
Let v(z) = z**3 + 8*z**2 + 7*z + 2. Let d(g) = -g - 1. Let b be d(6). Let q be v(b). Let m(w) = 2*w**2 - w + 1. List the prime factors of m(q).
7
Let u(a) be the third derivative of a**5/60 - 2*a**3/3 + 8*a**2. Let t(b) = b**2 - 4*b. Let j be t(2). List the prime factors of u(j).
2, 3
Let c(s) = s**2 - 4*s + 3. Let r be c(4). Suppose 0 = -0*x - r*x + 27. List the prime factors of (-5 + -1)*(-3)/x.
2
Let l(c) = -4*c**2 - c**2 + 5*c**3 - c**3 + 2*c + 3*c**2 - 3. List the prime factors of l(2).
5
Let z(g) = 7*g**2 + g + 17. What